 - u. What are the prime factors of h?
29
Let l(i) = 2*i + 1. Let n(m) = m**2 + 4*m - 3. Let r be n(-5). Let f be l(r). Suppose -f*o = -5*a + 45, -3*o = -a - 8*o + 21. What are the prime factors of a?
11
Let w(q) = 2*q**2 + 2*q + 2 + 4*q + 3 + q. Suppose n - 5*a = 6, 2*n + 5 = -4*a - 11. What are the prime factors of w(n)?
3
Suppose 0 = -563*j + 553*j + 9160. List the prime factors of j.
2, 229
Let i be 2 + (0 + (-3 - -1) - 0). Suppose -a + 83 = -i*a + g, 3*a - 5*g - 225 = 0. What are the prime factors of a?
2, 5
Suppose -40 - 749 = -t. List the prime factors of t.
3, 263
Suppose 74*z = -65*z + 417556. List the prime factors of z.
2, 751
Let q be (-755)/(-25) + 1/(-5). Suppose -5*l - q = -4*w, w - 2*w = 5*l + 5. List the prime factors of 3/(l/68*-6).
17
Let v be (72/(-10))/(6/(-15)). List the prime factors of (-12)/(-54) - ((-2804)/v - 2).
2, 79
Let z = -244 + 441. What are the prime factors of z?
197
Let j(a) = -a**3 - 8*a**2 + 8*a - 6. Let l be j(-9). What are the prime factors of -3*(l + -1 + -29)?
3
Let r(k) = -7*k - 7. Let x be r(-9). Let m(s) = s**2 - 7*s + 1. Let u be m(5). Let w = u + x. List the prime factors of w.
47
Suppose d - 5*l + 2 = 0, 3*d + 4*l = 3*l + 10. Suppose -2*n + d*f = -19 - 3, 4*n = 2*f + 44. What are the prime factors of n?
11
Let g = -107 - -114. Let f(c) = c + 3. Let y(j) = -j - 2. Let o(d) = 4*f(d) + 3*y(d). What are the prime factors of o(g)?
13
Let h(a) = -88*a**3. Let u = -8 - -7. List the prime factors of h(u).
2, 11
Suppose 4*g - 5*g + 187 = q, -2*q + 3*g + 364 = 0. What are the prime factors of q?
5, 37
Let t = 2 - -2. Let c be (-30)/4*t/(-6). Suppose -c*x - x + 72 = 0. List the prime factors of x.
2, 3
Let f(b) = -b**3 + 14*b**2 + 18*b - 5. List the prime factors of f(11).
2, 139
Let p(w) = -7*w + 13. Let n be p(7). List the prime factors of 14/((9/n)/((-1)/2)).
2, 7
Let h(k) = -5*k - 34. Let a be h(-8). Suppose -a = q - 35. List the prime factors of q.
29
List the prime factors of ((-4)/(-5))/((-14)/(-4655)).
2, 7, 19
Let v be (-1128)/(-33) + 2/(-11). Let g be (3 - 3/3) + v. Let u = -24 + g. List the prime factors of u.
2, 3
Let n(i) = 85*i - 190. List the prime factors of n(6).
2, 5
Suppose k = -2*k + 15. Suppose 0*p + k*p = 55. List the prime factors of (7/4)/(p/88).
2, 7
Let h(i) = i - 1. Let x be h(9). Suppose -x*u - 520 = -10*u. List the prime factors of u.
2, 5, 13
Suppose s - 166 = -s. Suppose 4*u - s = 3*u. List the prime factors of u.
83
Suppose -3*l = -11*l + 4152. List the prime factors of l.
3, 173
Suppose 5*h = -7*h + 30612. What are the prime factors of h?
2551
Suppose -5*a = 3*t - 923, -5*t + 5*a + 1059 = -466. List the prime factors of t.
2, 3, 17
Let p(y) = -y**3 - 7*y**2 - 2*y + 6. Suppose -7*b - 39 = 10. What are the prime factors of p(b)?
2, 5
Let o = 8 + -9. Let t be o/(-2 + 171/84). Let f = -15 - t. List the prime factors of f.
13
Suppose -2*r = -6 - 0. Suppose -152 = -2*k - k - 2*v, 5*k - 266 = r*v. Let s = k - 32. What are the prime factors of s?
2, 5
Let m(f) = -2*f**2 + 10*f + 3. Let v be m(5). List the prime factors of 970/(-15)*v/(-2).
97
Suppose -p - 5315 = -3*t + 102, 3*p + 6 = 0. List the prime factors of t.
5, 19
Let q be 3/7 - (-261)/(-21). Let m(t) = -t**2 - 23*t + 12. Let z be m(q). Suppose 0 = -8*g + 5*g + z. What are the prime factors of g?
2, 3
Let s(z) = 3*z**3 + 5*z**2 - 6*z + 6. List the prime factors of s(5).
2, 7, 17
Let v(o) = 2*o**3 - 96*o**2 - o + 50. Let p be v(48). Suppose 0 = -j + 4*j - 51. Suppose p*z - j = 87. List the prime factors of z.
2, 13
Let a = 1557 + 648. List the prime factors of a.
3, 5, 7
Suppose 18*y = 10*y + 176. What are the prime factors of y?
2, 11
What are the prime factors of ((-5)/(-10) + 1)/((-3)/(-642))?
3, 107
Let a(j) = 7 + 19 - 3 + j**2 - 15*j + 9. List the prime factors of a(21).
2, 79
List the prime factors of (-9)/((-351)/(-260))*(-1962)/4.
2, 3, 5, 109
Suppose 4*g - g = -2*l + 819, l - 3*g - 405 = 0. What are the prime factors of l?
2, 3, 17
Let r(w) = w**2 + 3*w + 70. What are the prime factors of r(-17)?
2, 7, 11
Suppose -k + 65 = 4*h - 10, -300 = -4*k + 5*h. What are the prime factors of k?
3, 5
Let g(w) = -10*w + 10. Suppose 10*q - 5*q - 25 = 0. Let s be g(q). Let y = -19 - s. List the prime factors of y.
3, 7
Let u(f) be the first derivative of 7*f**3/3 - 23*f**2/2 - 6*f - 3. List the prime factors of u(5).
2, 3
Suppose -7*k - 50*k = -184167. List the prime factors of k.
3, 359
Suppose -5*m - 16 = -31. Suppose m*h - i = 2*h + 29, 89 = 3*h - 4*i. What are the prime factors of h?
3
Let z(r) = r**3 - r + 18. Let h be z(0). Let v = h + -6. Suppose -c + v = -0*c. List the prime factors of c.
2, 3
Let l(t) = -t**3 - 13*t**2 + t + 15. Let i be l(-13). Suppose -i*y = 4*b - 244, -b = -0*b - 5*y - 50. List the prime factors of b.
2, 3, 5
Let n(p) = 2*p + 30. Let x be n(11). Suppose a = -4*d + x + 51, 5*d = 3*a + 133. What are the prime factors of d?
2, 13
Let a be 4*(-10)/12*-3. Let o = 1 + a. List the prime factors of o.
11
Suppose 4*v + 38 = c - 824, c + 21*v = 762. What are the prime factors of c?
2, 3, 47
Let t = -54 + 98. Let a be 1*-35 - (-1)/(-3)*-3. Let h = a + t. What are the prime factors of h?
2, 5
Let o = -98 + 23. Suppose 0 = -4*k - 128 - 308. Let x = o - k. What are the prime factors of x?
2, 17
Let o(x) = -2*x**3 - 2*x**2 - x - 2. Let d be 9 + (-4 + 16)/4. Suppose -6*r = -2*r + d. What are the prime factors of o(r)?
37
List the prime factors of ((-2139)/(-124))/((-1)/(-92)).
3, 23
Let p(c) = c**2 - 6*c + 6. Let u = -4 - -4. Let k be (u - 1) + -3 - -14. List the prime factors of p(k).
2, 23
Let l = -1892 - -4891. List the prime factors of l.
2999
Suppose 0 = 2*k + 5*d + 10, 3*k - 6*d = -4*d + 23. Let r(j) = 14*j - 9. What are the prime factors of r(k)?
61
Let k(m) = -m**3 - 16*m**2 + 33. Let x be k(-16). Suppose -4*d + 173 = x. What are the prime factors of d?
5, 7
Let j(h) = -h**3 + 2*h + 7. Let g be j(0). Suppose g*t + 25 = 12*t. List the prime factors of t.
5
Let g(i) = -27*i - 40. List the prime factors of g(-18).
2, 223
Let l(i) = -i**3 - 7*i**2 - 7*i - 5. Let b be l(-5). Suppose -16 = -3*y + 41. Let k = y - b. List the prime factors of k.
3, 13
Let n(i) = 33*i**3 - 4*i**2 - i - 4. Let p(t) = t**2 + 1. Let v(h) = -n(h) - 5*p(h). Let o be v(1). List the prime factors of (-51)/o*2*11.
3, 11
What are the prime factors of 1/(-3)*3 + 125?
2, 31
Let b(y) = 10*y + 30*y - 20 - 17*y - y**2. What are the prime factors of b(9)?
2, 53
Let t = 12 + -10. Suppose 0 = -4*h - 12, b - 2*h - 22 - 9 = 0. Suppose t*y = y + b. What are the prime factors of y?
5
List the prime factors of 4 - (-4*2/(-4) - 649).
3, 7, 31
Let z = 31 + -44. Let h(d) = -d**2 - 11*d + 18. Let r be h(z). Let t = r + 33. List the prime factors of t.
5
Suppose -2*s = -4*c - 518, -36*s = -32*s - 5*c - 1045. What are the prime factors of s?
5, 53
Let q(b) = 6*b + 165. List the prime factors of q(0).
3, 5, 11
Let u(l) = -24*l + 36. Let s(w) = w**3 - 5*w**2 - 14*w - 6. Let a be s(7). List the prime factors of u(a).
2, 3, 5
Let w(i) = -2*i + 48. Let o be w(24). Suppose -3*h = -o*h - 201. List the prime factors of h.
67
Let d be (-2 - -5)*1/(-3). Let t = 3 + d. Suppose 38 + 6 = t*n. What are the prime factors of n?
2, 11
Suppose -37*m = 68*m - 186585. What are the prime factors of m?
1777
Let o(z) be the second derivative of 3*z**3 - 9*z**2/2 - 18*z. List the prime factors of o(8).
3, 5
Let x be (-3)/(2*(-9)/96). Suppose -21*u = -x*u - 655. What are the prime factors of u?
131
Let g(z) = -14 + 2 - 1 + 4*z. Let i(h) = -h**3 - 7*h**2 - h + 2. Let v be i(-7). List the prime factors of g(v).
23
Let d(k) = k**2 - 6*k - 2. Let c be d(7). Suppose c*x = b - 17, 5*x = 4*b + 3*x - 14. What are the prime factors of (1/b)/((-5)/(-20))?
2
Let i(s) = 43*s - 2. Let l(v) = -3*v + 16. Let n be l(5). List the prime factors of i(n).
41
Suppose -5*d + 30 = -0*d. Suppose -186 - 348 = -d*r. List the prime factors of r.
89
Let o = 38 + -35. Suppose -2*k + o*r + 135 = 0, -3*r + 84 = k + r. List the prime factors of k.
2, 3
Let r be (-3)/(-6) + (-2452)/(-8). Let n = r + -187. What are the prime factors of n?
2, 3, 5
Suppose 26*g - 35100 + 7514 = 0. List the prime factors of g.
1061
Let t(k) = 13 - 49*k + 15 - 29 - 47*k. List the prime factors of t(-1).
5, 19
Let t be (-9)/(27/12) + 6. Su